3
What is the tens digit of 128?
2
What is the hundreds digit of 966?
9
What is the units digit of 94946?
6
What is the units digit of 1967?
7
What is the tens digit of 13188?
8
What is the thousands digit of 1041?
1
What is the hundreds digit of 1959?
9
What is the hundreds digit of 1204?
2
What is the hundreds digit of 480?
4
What is the units digit of 488?
8
What is the thousands digit of 1156?
1
What is the tens digit of 1608?
0
What is the hundreds digit of 6527?
5
What is the hundreds digit of 10519?
5
What is the thousands digit of 68133?
8
What is the thousands digit of 65160?
5
What is the tens digit of 4416?
1
What is the units digit of 14263?
3
What is the thousands digit of 1029?
1
What is the units digit of 644?
4
What is the tens digit of 780?
8
What is the units digit of 93452?
2
What is the thousands digit of 57212?
7
What is the thousands digit of 13484?
3
What is the units digit of 28616?
6
What is the thousands digit of 1393?
1
What is the units digit of 21934?
4
What is the tens digit of 64983?
8
What is the ten thousands digit of 10668?
1
What is the units digit of 170?
0
What is the ten thousands digit of 93658?
9
What is the thousands digit of 75517?
5
What is the thousands digit of 1681?
1
What is the hundreds digit of 26269?
2
What is the tens digit of 29587?
8
What is the units digit of 28456?
6
What is the hundreds digit of 641?
6
What is the ten thousands digit of 133424?
3
What is the tens digit of 66695?
9
What is the tens digit of 173?
7
What is the hundreds digit of 154?
1
What is the tens digit of 314?
1
What is the tens digit of 17404?
0
What is the ten thousands digit of 22517?
2
What is the tens digit of 48829?
2
What is the tens digit of 13586?
8
What is the units digit of 160?
0
What is the units digit of 4360?
0
What is the tens digit of 181?
8
What is the thousands digit of 37901?
7
What is the thousands digit of 74318?
4
What is the units digit of 574?
4
What is the thousands digit of 5182?
5
What is the tens digit of 65532?
3
What is the tens digit of 6586?
8
What is the units digit of 857?
7
What is the thousands digit of 4958?
4
What is the units digit of 66671?
1
What is the units digit of 16303?
3
What is the units digit of 2638?
8
What is the units digit of 1278?
8
What is the thousands digit of 25525?
5
What is the hundreds digit of 402?
4
What is the tens digit of 126?
2
What is the tens digit of 2051?
5
What is the units digit of 77005?
5
What is the units digit of 1652?
2
What is the tens digit of 14956?
5
What is the thousands digit of 15775?
5
What is the units digit of 51197?
7
What is the ten thousands digit of 20504?
2
What is the units digit of 31616?
6
What is the hundreds digit of 11025?
0
What is the tens digit of 70414?
1
What is the units digit of 22791?
1
What is the tens digit of 1055?
5
What is the units digit of 6665?
5
What is the tens digit of 3020?
2
What is the units digit of 1776?
6
What is the units digit of 8330?
0
What is the hundreds digit of 26528?
5
What is the hundreds digit of 1925?
9
What is the tens digit of 26216?
1
What is the thousands digit of 27079?
7
What is the units digit of 1694?
4
What is the hundreds digit of 976?
9
What is the hundreds digit of 2712?
7
What is the units digit of 2316?
6
What is the tens digit of 39960?
6
What is the ten thousands digit of 49792?
4
What is the thousands digit of 3922?
3
What is the units digit of 20893?
3
What is the hundreds digit of 147937?
9
What is the units digit of 5750?
0
What is the units digit of 3828?
8
What is the hundreds digit of 46678?
6
What is the units digit of 1378?
8
What is the units digit of 8235?
5
What is the ten thousands digit of 60333?
6
What is the units digit of 3445?
5
What is the units digit of 203?
3
What is the tens digit of 496?
9
What is the units digit of 29512?
2
What is the tens digit of 44354?
5
What is the hundreds digit of 512?
5
What is the units digit of 3250?
0
What is the hundreds digit of 7104?
1
What is the units digit of 16988?
8
What is the units digit of 5497?
7
What is the units digit of 114754?
4
What is the thousands digit of 102233?
2
What is the tens digit of 14499?
9
What is the units digit of 3341?
1
What is the units digit of 35380?
0
What is the units digit of 939?
9
What is the hundreds digit of 12567?
5
What is the units digit of 1651?
1
What is the units digit of 30536?
6
What is the hundreds digit of 1163?
1
What is the hundreds digit of 3492?
4
What is the hundreds digit of 1233?
2
What is the thousands digit of 8973?
8
What is the thousands digit of 26817?
6
What is the hundreds digit of 4290?
2
What is the hundreds digit of 120870?
8
What is the tens digit of 7970?
7
What is the units digit of 12602?
2
What is the units digit of 3926?
6
What is the units digit of 363?
3
What is the tens digit of 50299?
9
What is the units digit of 3017?
7
What is the tens digit of 372?
7
What is the units digit of 1859?
9
What is the tens digit of 119?
1
What is the tens digit of 3134?
3
What is the units digit of 1063?
3
What is the tens digit of 22679?
7
What is the tens digit of 57895?
9
What is the thousands digit of 1642?
1
What is the tens digit of 7619?
1
What is the hundreds digit of 1841?
8
What is the units digit of 508?
8
What is the tens digit of 5526?
2
What is the ten thousands digit of 95150?
9
What is the hundreds digit of 57849?
8
What is the units digit of 15373?
3
What is the hundreds digit of 864?
8
What is the hundreds digit of 1106?
1
What is the tens digit of 8837?
3
What is the units digit of 8826?
6
What is the units digit of 68?
8
What is the ten thousands digit of 15607?
1
What is the hundreds digit of 78092?
0
What is the hundreds digit of 692?
6
What is the tens digit of 7026?
2
What is the hundreds digit of 100688?
6
What is the thousands digit of 1848?
1
What is the units digit of 17447?
7
What is the tens digit of 6835?
3
What is the hundreds digit of 11553?
5
What is the tens digit of 886?
8
What is the tens digit of 1824?
2
What is the tens digit of 899?
9
What is the ten thousands digit of 33113?
3
What is the ten thousands digit of 10865?
1
What is the thousands digit of 135699?
5
What is the hundreds digit of 5884?
8
What is the tens digit of 34162?
6
What is the hundreds digit of 1116?
1
What is the tens digit of 16772?
7
What is the tens digit of 7913?
1
What is the thousands digit of 6740?
6
What is the units digit of 17715?
5
What is the tens digit of 122?
2
What is the ten thousands digit of 47065?
4
What is the units digit of 13971?
1
What is the tens digit of 69040?
4
What is the thousands digit of 12094?
2
What is the thousands digit of 7520?
7
What is the tens digit of 3123?
2
What is the units digit of 72525?
5
What is the thousands digit of 123748?
3
What is the units digit of 1328?
8
What is the hundreds digit of 161461?
4
What is the hundreds digit of 6330?
3
What is the thousands digit of 59547?
9
What is the hundreds digit of 377?
3
What is the tens digit of 149?
4
What is the thousands digit of 163406?
3
What is the hundreds digit of 35331?
3
What is the hundreds digit of 667?
6
What is the hundreds digit of 60345?
3
What is the ten thousands digit of 44704?
4
What is the thousands digit of 2005?
2
What is the units digit of 18528?
8
What is the units digit of 1474?
4
What is the tens digit of 1342?
4
What is the units digit of 12863?
3
What is the hundreds digit of 847?
8
What is the ten thousands digit of 10998?
1
What is the ten thousands digit of 52953?
5
What is the thousands digit of 3684?
3
What is the tens digit of 2930?
3
What is the tens digit of 118837?
3
What is the tens digit of 420?
2
What is the ten thousands digit of 10809?
1
What is the tens digit of 1817?
1
What is the units digit of 81616?
6
What is the tens digit of 21347?
4
What is the hundreds digit of 1809?
8
What is the ten thousands digit of 20865?
2
What is the tens digit of 20110?
1
What is the ten thousands digit of 30991?
3
What is the units digit of 1491?
1
What is the tens digit of 16?
1
What is the hundreds digit of 55704?
7
What is the tens digit of 9171?
7
What is the thousands digit of 25515?
5
What is the hundreds digit of 512?
5
What is the hundreds digit of 1512?
5
What is the units digit of 5620?
0
What is the tens digit of 180